{"id":37,"date":"2015-04-10T16:17:52","date_gmt":"2015-04-10T14:17:52","guid":{"rendered":"http:\/\/csommer.eu\/arenahostel\/?page_id=37"},"modified":"2023-08-22T08:51:28","modified_gmt":"2023-08-22T06:51:28","slug":"impressum","status":"publish","type":"page","link":"https:\/\/www.arena-hostel-hamburg.de\/index.php\/impressum\/","title":{"rendered":"Impressum"},"content":{"rendered":"<p><strong>Arena Hostel Hamburg Betriebsgesellschaft mbH Geographische Lage <a href=\"https:\/\/maps.google.com\/?ll=53.596054,9.902644&amp;q=%4053.596054,9.902644\" target=\"_blank\" rel=\"noopener noreferrer\">53.596054,9.902644<\/a><br \/>\n<\/strong><strong>Fangdieckstra\u00dfe 20<br \/>\n<\/strong><strong>D-22547 Hamburg<\/strong><\/p>\n<p>E-Mail: kontakt(at)arena-hostel-hamburg.de<br \/>\n<script type=\"text\/javascript\">\/\/ <![CDATA[\ndocument.write('<\/'); document.write('span>');\n\/\/ ]]><\/script><\/p>\n<p>Steuer-Nr: 45\/703\/00593 USt-IdNr: DE279465424 gem\u00e4\u00df \u00a727a Umsatzsteuergesetz<br \/>\nEingetragen im Handelsregister Hamburg Nr.: HRB 119 801<br \/>\nGesellschafter: Juri Spielevoi<br \/>\nGesellschaftsf\u00fchrender Gesch\u00e4ftsf\u00fchrer: Juri Spielevoi<br \/>\nInhaltlich verantwortlich: Juri Spielevoi gem\u00e4\u00df \u00a7 55 Abs. 2 RStV<\/p>\n<p><strong>Rechtliche Hinweise zu Inhalten der Internetpr\u00e4senz<\/strong> <strong>gem\u00e4\u00df<\/strong> <strong>Impressumspflicht nach \u00a7 5 TMG \/ \u00a7 55 RStV<\/strong><\/p>\n<p><em>Arena Hostel Hamburg<\/em> \u00fcbernimmt keinerlei Gew\u00e4hr f\u00fcr die Aktualit\u00e4t, Korrektheit, Vollst\u00e4ndigkeit oder Qualit\u00e4t der bereitgestellten Informationen. Haftungsanspr\u00fcche gegen Arena Hostel Hamburg, welche sich auf Sch\u00e4den materieller oder ideeller Art beziehen, die durch die Nutzung oder Nichtnutzung der dargebotenen Informationen bzw. durch die Nutzung fehlerhafter und unvollst\u00e4ndiger Informationen verursacht wurden sind grunds\u00e4tzlich ausgeschlossen, sofern von Arena Hostel Hamburg kein nachweislich vors\u00e4tzliches oder grob fahrl\u00e4ssiges Verschulden vorliegt. Alle Angebote sind freibleibend und unverbindlich. Arena Hostel Hamburg beh\u00e4lt es sich ausdr\u00fccklich vor, Teile der Seiten oder das gesamte Angebot ohne gesonderte Ank\u00fcndigung zu ver\u00e4ndern, zu erg\u00e4nzen, zu l\u00f6schen oder die Ver\u00f6ffentlichung zeitweise oder endg\u00fcltig einzustellen.<\/p>\n<p><strong>Hinweis zur Problematik von externen Links<\/strong><\/p>\n<p><em>Arena Hostel Hamburg<\/em> ist als Inhaltsanbieter f\u00fcr die &#8222;eigenen Inhalte&#8220;, die <em>Arena Hostel Hamburg<\/em> zur Nutzung bereith\u00e4lt, nach den allgemeinen Gesetzen verantwortlich. In dieser Internetpr\u00e4senz existieren Querverweise (&#8222;Links&#8220;) auf von anderen Anbietern bereitgehaltene Inhalte. F\u00fcr diese fremden Inhalte ist Arena Hostel Hamburg nur dann verantwortlich, wenn <em>Arena Hostel Hamburg<\/em> von ihnen (d.h. auch von einem rechtswidrigen bzw. strafbaren Inhalt) positive Kenntnis hat und es <em>Arena Hostel Hamburg<\/em> technisch m\u00f6glich und zumutbar ist, deren Nutzung zu verhindern. <em>Arena Hostel Hamburg<\/em> hat bei der erstmaligen Verkn\u00fcpfung zwar den fremden Inhalt daraufhin \u00fcberpr\u00fcft, ob durch ihn eine m\u00f6gliche zivilrechtliche oder strafrechtliche Verantwortlichkeit ausgel\u00f6st wird, <em>Arena Hostel Hamburg<\/em> ist aber nicht dazu verpflichtet, die Inhalte, auf die <em>Arena Hostel Hamburg<\/em> innerhalb dieser Seiten verweist, st\u00e4ndig auf Ver\u00e4nderungen zu \u00fcberpr\u00fcfen, die eine Verantwortlichkeit neu begr\u00fcnden k\u00f6nnten.<\/p>\n<p><strong>Urheberrecht<\/strong><\/p>\n<p>Die durch die Seitenbetreiber erstellten Inhalte und Werke auf diesen Seiten unterliegen dem deutschen Urheberrecht. Die Vervielf\u00e4ltigung, Bearbeitung, Verbreitung und jede Art der Verwertung au\u00dferhalb der Grenzen des Urheberrechtes bed\u00fcrfen der schriftlichen Zustimmung des jeweiligen Autors bzw. Erstellers. Downloads und Kopien dieser Seite sind nur f\u00fcr den privaten, nicht kommerziellen Gebrauch gestattet. Soweit die Inhalte auf dieser Seite nicht vom Betreiber erstellt wurden, werden die Urheberrechte Dritter beachtet. Insbesondere werden Inhalte Dritter als solche gekennzeichnet. Sollten Sie trotzdem auf eine Urheberrechtsverletzung aufmerksam werden, bitten wir um einen entsprechenden Hinweis. Bei Bekanntwerden von Rechtsverletzungen werden wir derartige Inhalte umgehend entfernen.<\/p>\n<p><strong>Datenschutz<br \/>\n<\/strong><\/p>\n<p>Bitte <a href=\"https:\/\/www.arena-hostel-hamburg.de\/index.php\/datenschutz\/\">HIER<\/a> klicken<\/p>\n<div class=\"inner-footer-wrapper\">\n<div class=\"inner-footer-left\"><a href=\"https:\/\/haus-adebar.de\/\"><img decoding=\"async\" class=\"aligncenter\" src=\"https:\/\/www.arena-hostel-hamburg.de\/wp-content\/uploads\/2019\/11\/haus-adebar-logo.jpg\" alt=\"Haus Adebar\" border=\"0\" \/><\/a><\/div>\n<div class=\"inner-footer-center\">\n<p>&nbsp;<\/p>\n<h3>Lust auf Urlaub am sch\u00f6nen M\u00fcritzsee?!<\/h3>\n<p>Dem Gro\u00dfstadtl\u00e4rm entfliehen, Lust auf entspannte Erholung in der Natur.<br \/>\nDann haben wir genau die richtige Adresse f\u00fcr Dich <strong>\u201eDas Haus Adebar\u201c<\/strong> am idyllischen M\u00fcritzsee.<br \/>\nHier ist Dein Nachbar ein echter Storch.<br \/>\nDie Freizeitm\u00f6glichkeiten rund um den M\u00fcritzsee sind abwechslungsreich.<br \/>\nAngeln, Radfahren, Boot fahren, Wandern und in den Sommermonaten am Strand liegen und baden.<br \/>\nDer M\u00fcritzsee ist nur 800 m entfernt.<br \/>\nHat Dich die Vorfreude gepackt, besuche unsere Haus Adebar Webseite und schau es Dir an \u2013 <u>hier klicken<\/u><\/p>\n<\/div>\n<div class=\"inner-footer-right\"><a href=\"https:\/\/haus-adebar.de\/\"><img decoding=\"async\" class=\"aligncenter\" src=\"https:\/\/www.arena-hostel-hamburg.de\/wp-content\/uploads\/2019\/11\/haus-adebar-aussen-1.jpg\" alt=\"Haus Adebar\" width=\"200\" border=\"0\" \/><\/a><\/div>\n<\/div>\n","protected":false},"excerpt":{"rendered":"<p>Arena Hostel Hamburg Betriebsgesellschaft mbH Geographische Lage 53.596054,9.902644 Fangdieckstra\u00dfe 20 D-22547 Hamburg E-Mail: kontakt(at)arena-hostel-hamburg.de Steuer-Nr: 45\/703\/00593 USt-IdNr: DE279465424 gem\u00e4\u00df \u00a727a Umsatzsteuergesetz Eingetragen im Handelsregister Hamburg Nr.: HRB 119 801 Gesellschafter: Juri Spielevoi Gesellschaftsf\u00fchrender Gesch\u00e4ftsf\u00fchrer: Juri Spielevoi Inhaltlich verantwortlich: Juri Spielevoi gem\u00e4\u00df \u00a7 55 Abs. 2 RStV Rechtliche Hinweise zu Inhalten der Internetpr\u00e4senz gem\u00e4\u00df Impressumspflicht nach [&hellip;]<\/p>\n","protected":false},"author":1,"featured_media":0,"parent":0,"menu_order":0,"comment_status":"open","ping_status":"open","template":"page-full.php","meta":[],"yoast_head":"<!-- This site is optimized with the Yoast SEO plugin v20.13 - https:\/\/yoast.com\/wordpress\/plugins\/seo\/ -->\n<title>Impressum - Arena Hostel<\/title>\n<meta name=\"description\" content=\"Bitte beachten Sie unsere Haftungsausschl\u00fcsse und Hinweise zum Urheberrecht. Datenschutzinformationen finden Sie auf unserer Webseite.\" \/>\n<meta name=\"robots\" content=\"index, follow, max-snippet:-1, max-image-preview:large, max-video-preview:-1\" \/>\n<link rel=\"canonical\" href=\"https:\/\/www.arena-hostel-hamburg.de\/index.php\/impressum\/\" \/>\n<meta property=\"og:locale\" content=\"de_DE\" \/>\n<meta property=\"og:type\" content=\"article\" \/>\n<meta property=\"og:title\" content=\"Impressum - Arena Hostel\" \/>\n<meta property=\"og:description\" content=\"Bitte beachten Sie unsere Haftungsausschl\u00fcsse und Hinweise zum Urheberrecht. Datenschutzinformationen finden Sie auf unserer Webseite.\" \/>\n<meta property=\"og:url\" content=\"https:\/\/www.arena-hostel-hamburg.de\/index.php\/impressum\/\" \/>\n<meta property=\"og:site_name\" content=\"Arena Hostel Hamburg\" \/>\n<meta property=\"article:publisher\" content=\"https:\/\/www.facebook.com\/arena.hostel.hamburg\" \/>\n<meta property=\"article:modified_time\" content=\"2023-08-22T06:51:28+00:00\" \/>\n<meta property=\"og:image\" content=\"https:\/\/www.arena-hostel-hamburg.de\/wp-content\/uploads\/2019\/11\/haus-adebar-logo.jpg\" \/>\n<meta name=\"twitter:card\" content=\"summary_large_image\" \/>\n<meta name=\"twitter:label1\" content=\"Gesch\u00e4tzte Lesezeit\" \/>\n\t<meta name=\"twitter:data1\" content=\"4\u00a0Minuten\" \/>\n<script type=\"application\/ld+json\" class=\"yoast-schema-graph\">{\"@context\":\"https:\/\/schema.org\",\"@graph\":[{\"@type\":\"WebPage\",\"@id\":\"https:\/\/www.arena-hostel-hamburg.de\/index.php\/impressum\/\",\"url\":\"https:\/\/www.arena-hostel-hamburg.de\/index.php\/impressum\/\",\"name\":\"Impressum - Arena Hostel\",\"isPartOf\":{\"@id\":\"https:\/\/www.arena-hostel-hamburg.de\/#website\"},\"datePublished\":\"2015-04-10T14:17:52+00:00\",\"dateModified\":\"2023-08-22T06:51:28+00:00\",\"description\":\"Bitte beachten Sie unsere Haftungsausschl\u00fcsse und Hinweise zum Urheberrecht. Datenschutzinformationen finden Sie auf unserer Webseite.\",\"breadcrumb\":{\"@id\":\"https:\/\/www.arena-hostel-hamburg.de\/index.php\/impressum\/#breadcrumb\"},\"inLanguage\":\"de\",\"potentialAction\":[{\"@type\":\"ReadAction\",\"target\":[\"https:\/\/www.arena-hostel-hamburg.de\/index.php\/impressum\/\"]}]},{\"@type\":\"BreadcrumbList\",\"@id\":\"https:\/\/www.arena-hostel-hamburg.de\/index.php\/impressum\/#breadcrumb\",\"itemListElement\":[{\"@type\":\"ListItem\",\"position\":1,\"name\":\"Startseite\",\"item\":\"https:\/\/www.arena-hostel-hamburg.de\/\"},{\"@type\":\"ListItem\",\"position\":2,\"name\":\"Impressum\"}]},{\"@type\":\"WebSite\",\"@id\":\"https:\/\/www.arena-hostel-hamburg.de\/#website\",\"url\":\"https:\/\/www.arena-hostel-hamburg.de\/\",\"name\":\"Arena Hostel Hamburg\",\"description\":\"\",\"publisher\":{\"@id\":\"https:\/\/www.arena-hostel-hamburg.de\/#organization\"},\"potentialAction\":[{\"@type\":\"SearchAction\",\"target\":{\"@type\":\"EntryPoint\",\"urlTemplate\":\"https:\/\/www.arena-hostel-hamburg.de\/?s={search_term_string}\"},\"query-input\":\"required name=search_term_string\"}],\"inLanguage\":\"de\"},{\"@type\":\"Organization\",\"@id\":\"https:\/\/www.arena-hostel-hamburg.de\/#organization\",\"name\":\"Arena Hostel Hamburg\",\"url\":\"https:\/\/www.arena-hostel-hamburg.de\/\",\"logo\":{\"@type\":\"ImageObject\",\"inLanguage\":\"de\",\"@id\":\"https:\/\/www.arena-hostel-hamburg.de\/#\/schema\/logo\/image\/\",\"url\":\"https:\/\/www.arena-hostel-hamburg.de\/wp-content\/uploads\/2023\/08\/images.jpeg\",\"contentUrl\":\"https:\/\/www.arena-hostel-hamburg.de\/wp-content\/uploads\/2023\/08\/images.jpeg\",\"width\":227,\"height\":222,\"caption\":\"Arena Hostel Hamburg\"},\"image\":{\"@id\":\"https:\/\/www.arena-hostel-hamburg.de\/#\/schema\/logo\/image\/\"},\"sameAs\":[\"https:\/\/www.facebook.com\/arena.hostel.hamburg\"]}]}<\/script>\n<!-- \/ Yoast SEO plugin. -->","yoast_head_json":{"title":"Impressum - Arena Hostel","description":"Bitte beachten Sie unsere Haftungsausschl\u00fcsse und Hinweise zum Urheberrecht. Datenschutzinformationen finden Sie auf unserer Webseite.","robots":{"index":"index","follow":"follow","max-snippet":"max-snippet:-1","max-image-preview":"max-image-preview:large","max-video-preview":"max-video-preview:-1"},"canonical":"https:\/\/www.arena-hostel-hamburg.de\/index.php\/impressum\/","og_locale":"de_DE","og_type":"article","og_title":"Impressum - Arena Hostel","og_description":"Bitte beachten Sie unsere Haftungsausschl\u00fcsse und Hinweise zum Urheberrecht. Datenschutzinformationen finden Sie auf unserer Webseite.","og_url":"https:\/\/www.arena-hostel-hamburg.de\/index.php\/impressum\/","og_site_name":"Arena Hostel Hamburg","article_publisher":"https:\/\/www.facebook.com\/arena.hostel.hamburg","article_modified_time":"2023-08-22T06:51:28+00:00","og_image":[{"url":"https:\/\/www.arena-hostel-hamburg.de\/wp-content\/uploads\/2019\/11\/haus-adebar-logo.jpg"}],"twitter_card":"summary_large_image","twitter_misc":{"Gesch\u00e4tzte Lesezeit":"4\u00a0Minuten"},"schema":{"@context":"https:\/\/schema.org","@graph":[{"@type":"WebPage","@id":"https:\/\/www.arena-hostel-hamburg.de\/index.php\/impressum\/","url":"https:\/\/www.arena-hostel-hamburg.de\/index.php\/impressum\/","name":"Impressum - Arena Hostel","isPartOf":{"@id":"https:\/\/www.arena-hostel-hamburg.de\/#website"},"datePublished":"2015-04-10T14:17:52+00:00","dateModified":"2023-08-22T06:51:28+00:00","description":"Bitte beachten Sie unsere Haftungsausschl\u00fcsse und Hinweise zum Urheberrecht. Datenschutzinformationen finden Sie auf unserer Webseite.","breadcrumb":{"@id":"https:\/\/www.arena-hostel-hamburg.de\/index.php\/impressum\/#breadcrumb"},"inLanguage":"de","potentialAction":[{"@type":"ReadAction","target":["https:\/\/www.arena-hostel-hamburg.de\/index.php\/impressum\/"]}]},{"@type":"BreadcrumbList","@id":"https:\/\/www.arena-hostel-hamburg.de\/index.php\/impressum\/#breadcrumb","itemListElement":[{"@type":"ListItem","position":1,"name":"Startseite","item":"https:\/\/www.arena-hostel-hamburg.de\/"},{"@type":"ListItem","position":2,"name":"Impressum"}]},{"@type":"WebSite","@id":"https:\/\/www.arena-hostel-hamburg.de\/#website","url":"https:\/\/www.arena-hostel-hamburg.de\/","name":"Arena Hostel Hamburg","description":"","publisher":{"@id":"https:\/\/www.arena-hostel-hamburg.de\/#organization"},"potentialAction":[{"@type":"SearchAction","target":{"@type":"EntryPoint","urlTemplate":"https:\/\/www.arena-hostel-hamburg.de\/?s={search_term_string}"},"query-input":"required name=search_term_string"}],"inLanguage":"de"},{"@type":"Organization","@id":"https:\/\/www.arena-hostel-hamburg.de\/#organization","name":"Arena Hostel Hamburg","url":"https:\/\/www.arena-hostel-hamburg.de\/","logo":{"@type":"ImageObject","inLanguage":"de","@id":"https:\/\/www.arena-hostel-hamburg.de\/#\/schema\/logo\/image\/","url":"https:\/\/www.arena-hostel-hamburg.de\/wp-content\/uploads\/2023\/08\/images.jpeg","contentUrl":"https:\/\/www.arena-hostel-hamburg.de\/wp-content\/uploads\/2023\/08\/images.jpeg","width":227,"height":222,"caption":"Arena Hostel Hamburg"},"image":{"@id":"https:\/\/www.arena-hostel-hamburg.de\/#\/schema\/logo\/image\/"},"sameAs":["https:\/\/www.facebook.com\/arena.hostel.hamburg"]}]}},"_links":{"self":[{"href":"https:\/\/www.arena-hostel-hamburg.de\/index.php\/wp-json\/wp\/v2\/pages\/37"}],"collection":[{"href":"https:\/\/www.arena-hostel-hamburg.de\/index.php\/wp-json\/wp\/v2\/pages"}],"about":[{"href":"https:\/\/www.arena-hostel-hamburg.de\/index.php\/wp-json\/wp\/v2\/types\/page"}],"author":[{"embeddable":true,"href":"https:\/\/www.arena-hostel-hamburg.de\/index.php\/wp-json\/wp\/v2\/users\/1"}],"replies":[{"embeddable":true,"href":"https:\/\/www.arena-hostel-hamburg.de\/index.php\/wp-json\/wp\/v2\/comments?post=37"}],"version-history":[{"count":18,"href":"https:\/\/www.arena-hostel-hamburg.de\/index.php\/wp-json\/wp\/v2\/pages\/37\/revisions"}],"predecessor-version":[{"id":2129,"href":"https:\/\/www.arena-hostel-hamburg.de\/index.php\/wp-json\/wp\/v2\/pages\/37\/revisions\/2129"}],"wp:attachment":[{"href":"https:\/\/www.arena-hostel-hamburg.de\/index.php\/wp-json\/wp\/v2\/media?parent=37"}],"curies":[{"name":"wp","href":"https:\/\/api.w.org\/{rel}","templated":true}]}}