{"id":12,"date":"2015-03-16T15:23:36","date_gmt":"2015-03-16T14:23:36","guid":{"rendered":"http:\/\/csommer.eu\/arenahostel\/?page_id=12"},"modified":"2023-08-22T18:11:17","modified_gmt":"2023-08-22T16:11:17","slug":"buchungde","status":"publish","type":"page","link":"https:\/\/www.arena-hostel-hamburg.de\/index.php\/buchungde\/","title":{"rendered":"Verf\u00fcgbarkeit, Preise und Buchung"},"content":{"rendered":"<div style=\"width: 440px; float: left;\">\n<p><iframe loading=\"lazy\" style=\"width: 410px; height: 1100px; border: 0px none;\" src=\"https:\/\/inbox.myallocator.com\/de\/booknow\/d17dL_co3bu90HUkkSlwTA\" width=\"320\" height=\"240\"><\/iframe><a title=\"Loventis PMS\/CRS\" href=\"http:\/\/www.loventis.com\/\" target=\"_blank\" rel=\"noopener noreferrer\"><img decoding=\"async\" loading=\"lazy\" class=\"alignnone size-full wp-image-453\" src=\"https:\/\/www.arena-hostel-hamburg.de\/wp-content\/uploads\/2015\/03\/Loventis_Booking_System.jpg\" alt=\"Loventis_Booking_System\" width=\"260\" height=\"51\" \/><\/a><\/p>\n<\/div>\n<div style=\"float: left; width: 450px; padding-top: 30px;\">\n<table class=\"priceTable\" style=\"width: 450px;\" border=\"0\">\n<tbody>\n<tr style=\"background-color: #c6d8ea;\">\n<td colspan=\"2\"><strong>Kostenpflichtiger Service<\/strong><\/td>\n<\/tr>\n<tr>\n<td>Handt\u00fccher:<\/td>\n<td>3,00 \u20ac Leihgeb\u00fchr f\u00fcr ein Duschhandtuch<\/td>\n<\/tr>\n<\/tbody>\n<\/table>\n<p>Nat\u00fcrlich k\u00f6nnen Sie auch ihr eigenes Handtuch mitbringen.<\/p>\n<p>Alle Preise verstehen sich inkl. 7% Mwst. | Zzgl. <a href=\"http:\/\/www.hamburg-tourism.de\/service\/kultur-und-tourismustaxe\/\" target=\"_blank\" rel=\"noopener noreferrer\">Tourismusabgabe<\/a> (variiert)<br \/>\n<strong>Wir akzeptieren Barzahlung, Girocard, VISA und MASTER, Zahlungen \u00fcber <a href=\"https:\/\/www.paypal.com\/cgi-bin\/webscr?cmd=_s-xclick&amp;hosted_button_id=H4BSELXZ54RDU\" target=\"_blank\" rel=\"noopener noreferrer\">PayPal<\/a>\u00a0sind auch m\u00f6glich!<\/strong><\/p>\n<p>ACHTUNG: Du bist unter 18 Jahren alt und m\u00f6chtest bei uns \u00fcbernachten? Du musst eine Einverst\u00e4ndniserkl\u00e4rung der Eltern mitbringen und eine Ausweiskopie eines Elternteils. (<a href=\"https:\/\/www.arena-hostel-hamburg.de\/wp-content\/uploads\/2015\/03\/Einverstaendniserklaerung.pdf\" target=\"_blank\" rel=\"noopener noreferrer\">Download hier<\/a>)<\/p>\n<p>Fr\u00fchst\u00fcck ist <strong>nicht<\/strong> buchbar! Ein eigenst\u00e4ndiges Fr\u00fchst\u00fcck-Lokal befindet sich gleich nebenan und hat ge\u00f6ffnet von Montag &#8211; Freitag von 5.00-13.30 Uhr. <strong>(<a href=\"http:\/\/www.fruehstuecksladen-eidelstedt.de\/\" target=\"_blank\" rel=\"noopener noreferrer\">LINK<\/a>)<\/strong><\/p>\n<h2><\/h2>\n<h2><strong>Gew\u00fcnschte Services bitte im &#8218;Kommentar&#8216; Feld angeben.<br \/>\n<\/strong><\/h2>\n<p><strong>Eingabehilfe<\/strong><br \/>\n1. Klicken Sie auf das Datumsfeld, um fortzufahren.<br \/>\n2. W\u00e4hlen Sie im Kalender Ihr gew\u00fcnschtes Anreisedatum aus.<br \/>\n3. Klicken Sie auf das Men\u00fc rechts, um die Anzahl der \u00dcbernachtungen festzulegen.<br \/>\n4. \u00dcberpr\u00fcfen Sie die Verf\u00fcgbarkeit, indem Sie auf &#8222;Verf\u00fcgbarkeit pr\u00fcfen&#8220; klicken.<br \/>\n5. Es werden die verf\u00fcgbaren Betten\/Zimmer f\u00fcr das gew\u00e4hlte Reisedatum angezeigt.<br \/>\n6. W\u00e4hlen Sie die Anzahl der Personen f\u00fcr das passende Bett\/Zimmer aus.<br \/>\n7. Klicken Sie auf &#8222;Weiter&#8220;, um fortzufahren.<br \/>\n8. Der Preis wird berechnet und Tag f\u00fcr Tag angezeigt.<br \/>\n9. Wenn alles passt, klicken Sie erneut auf &#8222;Weiter&#8220;.<br \/>\n10. Geben Sie Ihre pers\u00f6nlichen Daten ein.<br \/>\n11. Vermerken Sie im Kommentarfeld bitte, ob Sie Handt\u00fccher ben\u00f6tigen.<br \/>\n12. \u00dcberpr\u00fcfen Sie alle Daten sorgf\u00e4ltig und klicken Sie auf &#8222;Buchung best\u00e4tigen&#8220;, wenn sie korrekt sind.<br \/>\n13. Ihre Buchung wird verbindlich an uns \u00fcbermittelt.<br \/>\n14. Sie erhalten schnellstm\u00f6glich eine R\u00fcckmeldung per E-Mail.<\/p>\n<p>Bei Fragen zum Buchungsprozess stehen wir Ihnen gerne zur Verf\u00fcgung. Rufen Sie uns einfach an:<\/p>\n<p>Montag bis Sonntag, von 10:00 bis 19:00 Uhr<br \/>\nTelefon: +49 (0)40 &#8211; 5480 1585<\/p>\n<p>&nbsp;<\/p>\n<\/div>\n<p>&nbsp;<\/p>\n<div class=\"inner-footer-wrapper\">\n<div class=\"inner-footer-left\"><a href=\"https:\/\/haus-adebar.de\/\"><img decoding=\"async\" class=\"aligncenter\" src=\"https:\/\/www.arena-hostel-hamburg.de\/wp-content\/uploads\/2019\/11\/haus-adebar-logo.jpg\" alt=\"Haus Adebar\" border=\"0\" \/><\/a><\/div>\n<div class=\"inner-footer-center\">\n<p>&nbsp;<\/p>\n<h3>Lust auf Urlaub am sch\u00f6nen M\u00fcritzsee?!<\/h3>\n<p>Dem Gro\u00dfstadtl\u00e4rm entfliehen, Lust auf entspannte Erholung in der Natur.<br \/>\nDann haben wir genau die richtige Adresse f\u00fcr Dich <strong>\u201eDas Haus Adebar\u201c<\/strong> am idyllischen M\u00fcritzsee.<br \/>\nHier ist Dein Nachbar ein echter Storch.<br \/>\nDie Freizeitm\u00f6glichkeiten rund um den M\u00fcritzsee sind abwechslungsreich.<br \/>\nAngeln, Radfahren, Boot fahren, Wandern und in den Sommermonaten am Strand liegen und baden.<br \/>\nDer M\u00fcritzsee ist nur 800m entfernt.<br \/>\nHat Dich die Vorfreude gepackt, besuche unser Haus Adebar Webseite und schau es Dir an \u2013 <u>hier klicken<\/u><\/p>\n<\/div>\n<div class=\"inner-footer-right\"><a href=\"https:\/\/haus-adebar.de\/\"><img decoding=\"async\" class=\"aligncenter\" src=\"https:\/\/www.arena-hostel-hamburg.de\/wp-content\/uploads\/2019\/11\/haus-adebar-aussen-1.jpg\" alt=\"Haus Adebar\" width=\"200\" border=\"0\" \/><\/a><\/div>\n<\/div>\n","protected":false},"excerpt":{"rendered":"<p>Kostenpflichtiger Service Handt\u00fccher: 3,00 \u20ac Leihgeb\u00fchr f\u00fcr ein Duschhandtuch Nat\u00fcrlich k\u00f6nnen Sie auch ihr eigenes Handtuch mitbringen. Alle Preise verstehen sich inkl. 7% Mwst. | Zzgl. Tourismusabgabe (variiert) Wir akzeptieren Barzahlung, Girocard, VISA und MASTER, Zahlungen \u00fcber PayPal\u00a0sind auch m\u00f6glich! ACHTUNG: Du bist unter 18 Jahren alt und m\u00f6chtest bei uns \u00fcbernachten? Du musst eine [&hellip;]<\/p>\n","protected":false},"author":1,"featured_media":0,"parent":0,"menu_order":0,"comment_status":"open","ping_status":"open","template":"page-full.php","meta":[],"yoast_head":"<!-- This site is optimized with the Yoast SEO plugin v20.13 - https:\/\/yoast.com\/wordpress\/plugins\/seo\/ -->\n<title>Verf\u00fcgbarkeit, Preise und Buchung - Arena Hostel Hamburg<\/title>\n<meta name=\"description\" content=\"&quot;Leicht gemacht: Buchen Sie Ihr Zimmer im Arena Hostel Hamburg. Einfacher Buchungsprozess, klare Schritte. Genie\u00dfen Sie Komfort in Top-Lage. Jetzt buchen!&quot;\" \/>\n<meta name=\"robots\" content=\"index, follow, max-snippet:-1, max-image-preview:large, max-video-preview:-1\" \/>\n<link rel=\"canonical\" href=\"https:\/\/www.arena-hostel-hamburg.de\/index.php\/buchungde\/\" \/>\n<meta property=\"og:locale\" content=\"de_DE\" \/>\n<meta property=\"og:type\" content=\"article\" \/>\n<meta property=\"og:title\" content=\"Verf\u00fcgbarkeit, Preise und Buchung - Arena Hostel Hamburg\" \/>\n<meta property=\"og:description\" content=\"&quot;Leicht gemacht: Buchen Sie Ihr Zimmer im Arena Hostel Hamburg. Einfacher Buchungsprozess, klare Schritte. Genie\u00dfen Sie Komfort in Top-Lage. Jetzt buchen!&quot;\" \/>\n<meta property=\"og:url\" content=\"https:\/\/www.arena-hostel-hamburg.de\/index.php\/buchungde\/\" \/>\n<meta property=\"og:site_name\" content=\"Arena Hostel Hamburg\" \/>\n<meta property=\"article:publisher\" content=\"https:\/\/www.facebook.com\/arena.hostel.hamburg\" \/>\n<meta property=\"article:modified_time\" content=\"2023-08-22T16:11:17+00:00\" \/>\n<meta property=\"og:image\" content=\"https:\/\/www.arena-hostel-hamburg.de\/wp-content\/uploads\/2015\/03\/Loventis_Booking_System.jpg\" \/>\n<meta name=\"twitter:card\" content=\"summary_large_image\" \/>\n<meta name=\"twitter:label1\" content=\"Gesch\u00e4tzte Lesezeit\" \/>\n\t<meta name=\"twitter:data1\" content=\"3\u00a0Minuten\" \/>\n<script type=\"application\/ld+json\" class=\"yoast-schema-graph\">{\"@context\":\"https:\/\/schema.org\",\"@graph\":[{\"@type\":\"WebPage\",\"@id\":\"https:\/\/www.arena-hostel-hamburg.de\/index.php\/buchungde\/\",\"url\":\"https:\/\/www.arena-hostel-hamburg.de\/index.php\/buchungde\/\",\"name\":\"Verf\u00fcgbarkeit, Preise und Buchung - Arena Hostel Hamburg\",\"isPartOf\":{\"@id\":\"https:\/\/www.arena-hostel-hamburg.de\/#website\"},\"datePublished\":\"2015-03-16T14:23:36+00:00\",\"dateModified\":\"2023-08-22T16:11:17+00:00\",\"description\":\"\\\"Leicht gemacht: Buchen Sie Ihr Zimmer im Arena Hostel Hamburg. Einfacher Buchungsprozess, klare Schritte. Genie\u00dfen Sie Komfort in Top-Lage. Jetzt buchen!\\\"\",\"breadcrumb\":{\"@id\":\"https:\/\/www.arena-hostel-hamburg.de\/index.php\/buchungde\/#breadcrumb\"},\"inLanguage\":\"de\",\"potentialAction\":[{\"@type\":\"ReadAction\",\"target\":[\"https:\/\/www.arena-hostel-hamburg.de\/index.php\/buchungde\/\"]}]},{\"@type\":\"BreadcrumbList\",\"@id\":\"https:\/\/www.arena-hostel-hamburg.de\/index.php\/buchungde\/#breadcrumb\",\"itemListElement\":[{\"@type\":\"ListItem\",\"position\":1,\"name\":\"Startseite\",\"item\":\"https:\/\/www.arena-hostel-hamburg.de\/\"},{\"@type\":\"ListItem\",\"position\":2,\"name\":\"Verf\u00fcgbarkeit, Preise und Buchung\"}]},{\"@type\":\"WebSite\",\"@id\":\"https:\/\/www.arena-hostel-hamburg.de\/#website\",\"url\":\"https:\/\/www.arena-hostel-hamburg.de\/\",\"name\":\"Arena Hostel Hamburg\",\"description\":\"\",\"publisher\":{\"@id\":\"https:\/\/www.arena-hostel-hamburg.de\/#organization\"},\"potentialAction\":[{\"@type\":\"SearchAction\",\"target\":{\"@type\":\"EntryPoint\",\"urlTemplate\":\"https:\/\/www.arena-hostel-hamburg.de\/?s={search_term_string}\"},\"query-input\":\"required name=search_term_string\"}],\"inLanguage\":\"de\"},{\"@type\":\"Organization\",\"@id\":\"https:\/\/www.arena-hostel-hamburg.de\/#organization\",\"name\":\"Arena Hostel Hamburg\",\"url\":\"https:\/\/www.arena-hostel-hamburg.de\/\",\"logo\":{\"@type\":\"ImageObject\",\"inLanguage\":\"de\",\"@id\":\"https:\/\/www.arena-hostel-hamburg.de\/#\/schema\/logo\/image\/\",\"url\":\"https:\/\/www.arena-hostel-hamburg.de\/wp-content\/uploads\/2023\/08\/images.jpeg\",\"contentUrl\":\"https:\/\/www.arena-hostel-hamburg.de\/wp-content\/uploads\/2023\/08\/images.jpeg\",\"width\":227,\"height\":222,\"caption\":\"Arena Hostel Hamburg\"},\"image\":{\"@id\":\"https:\/\/www.arena-hostel-hamburg.de\/#\/schema\/logo\/image\/\"},\"sameAs\":[\"https:\/\/www.facebook.com\/arena.hostel.hamburg\"]}]}<\/script>\n<!-- \/ Yoast SEO plugin. -->","yoast_head_json":{"title":"Verf\u00fcgbarkeit, Preise und Buchung - Arena Hostel Hamburg","description":"\"Leicht gemacht: Buchen Sie Ihr Zimmer im Arena Hostel Hamburg. Einfacher Buchungsprozess, klare Schritte. Genie\u00dfen Sie Komfort in Top-Lage. Jetzt buchen!\"","robots":{"index":"index","follow":"follow","max-snippet":"max-snippet:-1","max-image-preview":"max-image-preview:large","max-video-preview":"max-video-preview:-1"},"canonical":"https:\/\/www.arena-hostel-hamburg.de\/index.php\/buchungde\/","og_locale":"de_DE","og_type":"article","og_title":"Verf\u00fcgbarkeit, Preise und Buchung - Arena Hostel Hamburg","og_description":"\"Leicht gemacht: Buchen Sie Ihr Zimmer im Arena Hostel Hamburg. Einfacher Buchungsprozess, klare Schritte. Genie\u00dfen Sie Komfort in Top-Lage. Jetzt buchen!\"","og_url":"https:\/\/www.arena-hostel-hamburg.de\/index.php\/buchungde\/","og_site_name":"Arena Hostel Hamburg","article_publisher":"https:\/\/www.facebook.com\/arena.hostel.hamburg","article_modified_time":"2023-08-22T16:11:17+00:00","og_image":[{"url":"https:\/\/www.arena-hostel-hamburg.de\/wp-content\/uploads\/2015\/03\/Loventis_Booking_System.jpg"}],"twitter_card":"summary_large_image","twitter_misc":{"Gesch\u00e4tzte Lesezeit":"3\u00a0Minuten"},"schema":{"@context":"https:\/\/schema.org","@graph":[{"@type":"WebPage","@id":"https:\/\/www.arena-hostel-hamburg.de\/index.php\/buchungde\/","url":"https:\/\/www.arena-hostel-hamburg.de\/index.php\/buchungde\/","name":"Verf\u00fcgbarkeit, Preise und Buchung - Arena Hostel Hamburg","isPartOf":{"@id":"https:\/\/www.arena-hostel-hamburg.de\/#website"},"datePublished":"2015-03-16T14:23:36+00:00","dateModified":"2023-08-22T16:11:17+00:00","description":"\"Leicht gemacht: Buchen Sie Ihr Zimmer im Arena Hostel Hamburg. Einfacher Buchungsprozess, klare Schritte. Genie\u00dfen Sie Komfort in Top-Lage. Jetzt buchen!\"","breadcrumb":{"@id":"https:\/\/www.arena-hostel-hamburg.de\/index.php\/buchungde\/#breadcrumb"},"inLanguage":"de","potentialAction":[{"@type":"ReadAction","target":["https:\/\/www.arena-hostel-hamburg.de\/index.php\/buchungde\/"]}]},{"@type":"BreadcrumbList","@id":"https:\/\/www.arena-hostel-hamburg.de\/index.php\/buchungde\/#breadcrumb","itemListElement":[{"@type":"ListItem","position":1,"name":"Startseite","item":"https:\/\/www.arena-hostel-hamburg.de\/"},{"@type":"ListItem","position":2,"name":"Verf\u00fcgbarkeit, Preise und Buchung"}]},{"@type":"WebSite","@id":"https:\/\/www.arena-hostel-hamburg.de\/#website","url":"https:\/\/www.arena-hostel-hamburg.de\/","name":"Arena Hostel Hamburg","description":"","publisher":{"@id":"https:\/\/www.arena-hostel-hamburg.de\/#organization"},"potentialAction":[{"@type":"SearchAction","target":{"@type":"EntryPoint","urlTemplate":"https:\/\/www.arena-hostel-hamburg.de\/?s={search_term_string}"},"query-input":"required name=search_term_string"}],"inLanguage":"de"},{"@type":"Organization","@id":"https:\/\/www.arena-hostel-hamburg.de\/#organization","name":"Arena Hostel Hamburg","url":"https:\/\/www.arena-hostel-hamburg.de\/","logo":{"@type":"ImageObject","inLanguage":"de","@id":"https:\/\/www.arena-hostel-hamburg.de\/#\/schema\/logo\/image\/","url":"https:\/\/www.arena-hostel-hamburg.de\/wp-content\/uploads\/2023\/08\/images.jpeg","contentUrl":"https:\/\/www.arena-hostel-hamburg.de\/wp-content\/uploads\/2023\/08\/images.jpeg","width":227,"height":222,"caption":"Arena Hostel Hamburg"},"image":{"@id":"https:\/\/www.arena-hostel-hamburg.de\/#\/schema\/logo\/image\/"},"sameAs":["https:\/\/www.facebook.com\/arena.hostel.hamburg"]}]}},"_links":{"self":[{"href":"https:\/\/www.arena-hostel-hamburg.de\/index.php\/wp-json\/wp\/v2\/pages\/12"}],"collection":[{"href":"https:\/\/www.arena-hostel-hamburg.de\/index.php\/wp-json\/wp\/v2\/pages"}],"about":[{"href":"https:\/\/www.arena-hostel-hamburg.de\/index.php\/wp-json\/wp\/v2\/types\/page"}],"author":[{"embeddable":true,"href":"https:\/\/www.arena-hostel-hamburg.de\/index.php\/wp-json\/wp\/v2\/users\/1"}],"replies":[{"embeddable":true,"href":"https:\/\/www.arena-hostel-hamburg.de\/index.php\/wp-json\/wp\/v2\/comments?post=12"}],"version-history":[{"count":33,"href":"https:\/\/www.arena-hostel-hamburg.de\/index.php\/wp-json\/wp\/v2\/pages\/12\/revisions"}],"predecessor-version":[{"id":2130,"href":"https:\/\/www.arena-hostel-hamburg.de\/index.php\/wp-json\/wp\/v2\/pages\/12\/revisions\/2130"}],"wp:attachment":[{"href":"https:\/\/www.arena-hostel-hamburg.de\/index.php\/wp-json\/wp\/v2\/media?parent=12"}],"curies":[{"name":"wp","href":"https:\/\/api.w.org\/{rel}","templated":true}]}}